m(w) = -3*w + 7. Calculate m(0).
7
Let w(t) = -7*t + 11. Calculate w(6).
-31
Let k(s) = s**2 - 3*s - 7. Give k(7).
21
Let o(c) = -c**3 + 14*c**2 - 14*c + 20. What is o(12)?
140
Let m(p) = 7*p - 118. Determine m(5).
-83
Let p(n) = -n**3 - 50*n**2 - 56*n - 346. What is p(-49)?
-3
Let q(c) = -c**3 + 4*c**2 - 6*c + 5. Calculate q(2).
1
Let z(b) = b**3 + b**2 - 5*b + 2. Determine z(-3).
-1
Let z(j) = 2*j**3 - j. Give z(-2).
-14
Let p(x) = -x**3 + 2*x**2 + 5*x - 9. Give p(3).
-3
Let m(v) = -v**3 + 3*v**2 - 2*v + 2. What is m(2)?
2
Let a(g) = -g - 3. Determine a(-1).
-2
Let a(h) = -3*h**2 + 2*h + 1. Give a(-1).
-4
Let w(d) = 3*d - 22. Give w(2).
-16
Let p(d) = d**2 + 6*d - 11. What is p(-9)?
16
Let r(v) = 24*v**3 - v**2 - v + 2. What is r(1)?
24
Let h(j) = -j - 10. Determine h(5).
-15
Let k(p) = 2*p + 5. Determine k(-4).
-3
Let f(n) = -n**2 + 4*n - 5. Calculate f(2).
-1
Let b(q) = -q**3 - 6*q**2 - 3*q. Give b(-2).
-10
Let r(k) = k**3 - 29*k**2 + 32*k - 105. Determine r(28).
7
Let p(v) = v**2 - 4*v + 1. Give p(5).
6
Let f(d) = d**3 + d + 132. Calculate f(0).
132
Let l(d) = 10*d - 413. Calculate l(41).
-3
Let r(w) = -w + 4. Calculate r(8).
-4
Let o(m) = -m**3 + 2*m**2 + 6*m + 2. Give o(-2).
6
Let y(q) = -4*q. Calculate y(2).
-8
Let j(w) = -w**2 - 35*w - 10. Give j(-35).
-10
Let z(x) = -x**3 + 11*x**2 + 81*x - 6. Calculate z(16).
10
Let w(s) = 3*s**2 + 25*s + 98. Determine w(-6).
56
Let r(y) = -y**3 + 9*y**2 + 26*y - 149. Give r(10).
11
Let u(t) = 2*t + 36. Give u(-17).
2
Let c(z) = 3*z - 6. What is c(2)?
0
Let y(h) = -h**2 + 19*h - 66. Calculate y(13).
12
Let x(l) = 13*l + 84. Determine x(-7).
-7
Let n(t) = -t**3 - 32*t**2 + 35*t + 53. Calculate n(-33).
-13
Let k(l) = -l**3 + 4*l**2 + 6*l + 6. Calculate k(5).
11
Let w(u) = 5*u - 17. Give w(4).
3
Let q(k) = -k**3 - 7*k**2 + 18*k - 9. Calculate q(-9).
-9
Let y(m) = -m**3 + 20*m**2 - m + 4. What is y(20)?
-16
Let d(f) = 2*f**2 - 22*f - 1. Calculate d(11).
-1
Let a(w) = -w**3 + w**2 - w + 36. Give a(0).
36
Let a(u) = -u**3 + 4*u**2 + 3*u + 3. Give a(-3).
57
Let c(w) = 7*w + 2. What is c(-3)?
-19
Let q(a) = 12*a - 25. Give q(9).
83
Let m(g) = -3*g**2 + 24*g - 17. Give m(9).
-44
Let x(s) = 8*s - 1. Determine x(0).
-1
Let g(a) = -9*a**2 + 32*a + 13. What is g(4)?
-3
Let j(d) = -d**2 + 4*d + 45. Calculate j(-5).
0
Let l(t) = -t**2. Give l(-1).
-1
Let j(s) = 2*s**2 + 4*s - 1. Give j(5).
69
Let i(r) = r**2 + 7*r - 12. Determine i(-9).
6
Let s(g) = 2*g**2 + 5*g - 7. Give s(-3).
-4
Let h(n) = n**2 - 4*n - 5. Give h(5).
0
Let l(d) = -4*d**2 - 12*d - 8. Determine l(-7).
-120
Let w(k) = 3*k**2 + 43*k + 4. Calculate w(-14).
-10
Let s(j) = 3*j**2 - 2*j - 2. Determine s(2).
6
Let y(t) = 7*t + 49. What is y(-8)?
-7
Let f(g) = -2*g**2 - 5*g - 2. Give f(-4).
-14
Let v(c) = c**3 + 19*c**2 + 17*c + 27. Give v(-18).
45
Let k(l) = l**2 + 4*l - 9. What is k(-5)?
-4
Let d(s) = s**3 + 5*s**2 - 17*s - 2. What is d(-7)?
19
Let f(s) = 2*s**2 - 19*s - 81. Calculate f(-4).
27
Let o(i) = 29*i - 433. Determine o(15).
2
Let d(i) = 4*i**2 + 2*i. Give d(4).
72
Let h(s) = s**3 - 12*s**2 + 20*s + 65. Give h(9).
2
Let c(k) = -k**3 - 9*k**2 - 3*k + 8. Determine c(-8).
-32
Let h(n) = -29*n - 111. Determine h(-4).
5
Let o(m) = m**2 - 3*m - 2. What is o(3)?
-2
Let m(s) = -2*s**3 + 6*s**2 + 5*s - 11. What is m(5)?
-86
Let d(n) = n**2 - 4*n - 4. Determine d(-2).
8
Let l(v) = -v**3 + 22*v**2 - 9*v + 62. Calculate l(22).
-136
Let o(n) = 3*n**2 + 15*n + 14. Calculate o(-7).
56
Let n(v) = -v**3 + 3*v**2 + 4*v + 3. Give n(4).
3
Let t(c) = 2*c**2 - 14*c + 16. Calculate t(5).
-4
Let l(i) = -2*i**2 + 5*i + 11. Determine l(5).
-14
Let a(f) = -3*f**3 - 2*f**2 + 3*f + 3. Give a(-2).
13
Let g(b) = -2*b**2 + 6*b - 2. Determine g(4).
-10
Let c(d) = d**2 + 13*d + 4. What is c(-12)?
-8
Let u(j) = -3*j**2 - 3*j - 6. What is u(-4)?
-42
Let x(l) = -l + 3. What is x(-8)?
11
Let p(z) = z**2 + z + 14. Determine p(0).
14
Let o(j) = -16*j - 202. Determine o(-12).
-10
Let w(g) = 2*g**2 - 3*g + 3. Determine w(-3).
30
Let d(k) = -2*k**2 + 2*k - 1. What is d(4)?
-25
Let x(g) = -g**2 - 4*g. Give x(2).
-12
Let i(q) = 28*q - 2. Calculate i(1).
26
Let k(g) = 2*g**2 - 61*g - 109. Calculate k(32).
-13
Let z(k) = -k + 1. What is z(-2)?
3
Let v(w) = 6*w**2 - 210*w - 4. What is v(35)?
-4
Let s(a) = -2*a**2 - a - 2. Determine s(-1).
-3
Let n(k) = -k + 18. What is n(14)?
4
Let l(s) = -99*s + 392. What is l(4)?
-4
Let h(y) = -y**2 - 27*y - 99. Calculate h(-5).
11
Let n(v) = v + 1. What is n(6)?
7
Let o(f) = -3*f**2 + 10*f - 2. Give o(5).
-27
Let s(t) = -t**3 + 19*t**2 - 2. Give s(19).
-2
Let z(p) = -20*p - 129. Calculate z(-6).
-9
Let u(v) = 10*v. Calculate u(-2).
-20
Let m(x) = -14*x - 3. Calculate m(-2).
25
Let w(v) = -v**3 + 13*v**2 - 4*v + 6. Give w(13).
-46
Let m(y) = -y**3 + 26*y**2 + 19*y + 212. Determine m(27).
-4
Let q(v) = -4*v - 2. Determine q(6).
-26
Let x(i) = -2*i**3 - 3*i**2 + 2*i + 10. Determine x(-2).
10
Let s(n) = -n**2 + 6*n - 10. Give s(6).
-10
Let u(m) = 11*m**2 + 2*m - 2. Give u(2).
46
Let t(p) = -4*p - 50. Determine t(-24).
46
Let k(w) = -7*w**2 + w + 1. What is k(-2)?
-29
Let a(d) = -10*d**3 - 4*d**2 - d + 2. Give a(-2).
68
Let v(c) = 3*c**2 + 9*c + 16. What is v(-5)?
46
Let o(x) = -2*x + 7. Calculate o(4).
-1
Let y(i) = i + 5. Give y(-5).
0
Let c(g) = g**3 + 11*g**2 + 6*g - 41. Give c(-10).
-1
Let a(r) = -3*r**2 + 75*r - 16. Give a(25).
-16
Let l(a) = a**3 - 8*a**2 + 16*a - 2. What is l(5)?
3
Let s(c) = 16*c + 38. Determine s(-4).
-26
Let u(a) = -2*a**2 - 4*a + 99. What is u(-8)?
3
Let r(u) = u**2 + 11*u + 16. Give r(-13).
42
Let j(b) = b**3 + 13*b**2 + 9*b + 18. Give j(-12).
54
Let q(c) = -c**3 - 49*c**2 + 390*c - 112. Determine q(-56).
0
Let h(p) = p - 5. Give h(-6).
-11
Let s(x) = x**2 - 12*x + 18. Calculate s(3).
-9
Let y(b) = -17*b + 102. Calculate y(6).
0
Let q(k) = -10*k - 226. What is q(-23)?
4
Let y(p) = p + 10. What is y(-7)?
3
Let k(x) = -x**3 - x**2 - x - 3. What is k(0)?
-3
Let g(j) = -j + 56. Determine g(40).
16
Let m(s) = 10*s - 56. Give m(6).
4
Let p(r) = -2*r**2 - 6*r - 8. What is p(-2)?
-4
Let v(y) = -y**3 + 7*y**2 + 6*y + 4. Determine v(8).
-12
Let g(o) = o - 28. Give g(11).
-17
Let w(n) = -n**3 + 4*n**2 + 6*n + 9. Calculate w(6).
-27
Let o(h) = h - 2. What is o(-8)?
-10
Let b(q) = -q**3 + 12*q**2 - 11*q + 4. Determine b(4).
88
Let f(b) = -3*b**3 - b**2 + b. What is f(-2)?
18
Let d(h) = -h**3 - 18*h**2 - 29*h + 52. What is d(-16)?
4
Let a(j) = j**3 + 10*j**2 + 5*j - 7. What is a(-9)?
29
Let b(r) = -33*r**2 - 3*r - 1. Determine b(-1).
-31
Let f(x) = -2*x**2 - 11*x - 6. What is f(-8)?
-46
Let x(w) = w**2 - 3*w - 28. What is x(8)?
12
Let i(r) = r**2 + 21*r - 5. Calculate i(-21).
-5
Let p(m) = -m**2 + 10*m - 14. Calculate p(8).
2
Let r(o) = 42*o - 210. Calculate r(5).
0
Let s(h) = 36*h + 112. Give s(-3).
4
Let r(w) = 2*w**2 + 63*w - 81. Determine r(-33).
18
Let k(b) = 3*b**3 - 15*b**2 - b + 2. Determine k(5).
-3
Let x(y) = -y - 2. Calculate x(-13).
11
Let b(j) = j**3 + 36*j**2 + 34*j - 29. Calculate b(-35).
6
Let u(i) = 4*i + 75. What is u(-20)?
-5
Let k(t) = -17*t + 124. What is k(7)?
5
Let c(h) = -2*h**2 + 2*h + 1. Give c(1).
1
Let n(o) = 9*o - 62. Calculate n(6).
-8
Let w(y) = -y**2 + 25*y - 52. Calculate w(23).
-6
Let j(n) = n**3 - 3*n + 3. Give j(1).
1
Let z(y) = y**3 - 11*y**2 + 11*y - 14. Determine z(10).
-4
Let x(q) = 10*q + 50. Calculate x(-7).
-20
Let u(z) = -10*z + 2. Give u(-5).
52
Let m(a) = 4*a + 3. Calculate m(-7).
-25
Let q(w) = -w**3 - 14*w**2 + 6. Determine q(-14).
6
Let o(c) = -c**2 - 2*c - 3. Determine o(-6).
-27
Let v(o) = -o**3 - o**2 + 4*o. Determine v(-4).
32
Let b(t) = -t**2 + 14*t + 5. Calculate b(11).
38
Let z(i) = -9*i - 136. Calculate z(-15).
-1
Let v(p) = 2*p**2 - 3*p - 10. What is v(-2)?
4
Let b(d) = -d**3 - 18. Give b(0).
-18
Let z(w) = 15*w - 33. Determine z(7).
72
Let s(p) = p**2 - 15*p + 11. What is s(0)?
11
Let f(q) = q**3 + q**2 + 2*q + 4. What is f(3)?
46
Let u(m) = 3*m + 4. What is u(3)?
13
Let o(n) = -n**3 + 33*n**2 - 28*n - 79. Determine o(32).
49
Let a(v) = 24*v + 5. Give a(1).
29
Let r(v) = -v**3 + 8*v**2 - v + 4. Calculate r(4).
64
Let v(g) = -2*g**3 + 2*g**2 + 3*g + 1. Determine v(3).
-26
Let r(f) = 25*f**2 - 125*f - 3. Give r(5).
-3
Let t(r) = r**3 - 21*r**2 - 25*r + 61. Calculate t(22).
-5
Let p(q